late z(-4).
-5
Let p(q) = -13*q + 8. What is p(3)?
-31
Let b(p) = -p**3 - p**2 + 3*p. Give b(-3).
9
Let k(r) = -r**2 + 7*r + 4. Give k(8).
-4
Let r(o) = o - 1. Determine r(-6).
-7
Let k(s) = -s**2 - 5*s + 7. What is k(-7)?
-7
Let a(y) = -2*y**3 - 12*y**2 + 5*y - 6. Give a(-7).
57
Let s(u) = u**2 - 4*u + 6. Calculate s(4).
6
Let l(s) = -s**2 + 9*s - 5. Calculate l(8).
3
Let t(f) = -2*f - 2. Determine t(-3).
4
Let v(z) = 2*z**2 + 27*z + 27. Give v(-12).
-9
Let r(l) = l + 45. Give r(-17).
28
Let n(r) = 4*r**3 - 2*r**2 + 3*r - 2. Calculate n(1).
3
Let b(o) = -2*o**2 - 17*o + 8. Determine b(5).
-127
Let l(z) = z**2 - 4*z - 7. Determine l(5).
-2
Let x(j) = 2*j**2 - 5*j - 7. Calculate x(5).
18
Let i(q) = 2*q**2 - 14*q + 3. What is i(6)?
-9
Let b(g) = -g**2 - 19*g - 12. Calculate b(-18).
6
Let m(j) = -26*j + 136. Determine m(5).
6
Let o(u) = 94*u - 195. What is o(2)?
-7
Let a(c) = -13*c - 191. Give a(-16).
17
Let d(y) = -2*y**2 + 10*y - 8. Determine d(6).
-20
Let t(f) = -f**2 + f + 7. What is t(-3)?
-5
Let g(j) = -18*j - 34. Determine g(-7).
92
Let v(r) = 2*r**3 - 11*r**2 + 5*r. Determine v(5).
0
Let h(u) = -u**3 + 6*u**2 + 9*u - 9. What is h(7)?
5
Let j(p) = 2*p**3 + p - 7. What is j(0)?
-7
Let d(a) = a**3 - 11*a**2 + 10*a + 24. Calculate d(10).
24
Let l(z) = 9*z + 202. What is l(-24)?
-14
Let k(p) = -4*p + 20. What is k(3)?
8
Let y(k) = -k + 20. What is y(10)?
10
Let v(u) = -3*u - 11. What is v(-7)?
10
Let u(y) = y**2 + 12*y + 20. Calculate u(-17).
105
Let j(d) = -19*d - 31. Determine j(5).
-126
Let v(s) = -3*s**2 - 2*s + 3. What is v(-4)?
-37
Let h(f) = f**3 + 3*f**2 - 3*f + 2. Give h(-4).
-2
Let g(j) = 3*j**2 + 117*j - 91. Give g(-40).
29
Let o(k) = -2*k + 35. Calculate o(22).
-9
Let d(s) = s**2 + 8. Give d(0).
8
Let j(m) = m**3 - 18*m**2 + m - 15. What is j(18)?
3
Let k(p) = 2*p - 1. Determine k(3).
5
Let m(y) = y + 10. What is m(3)?
13
Let n(p) = -p**2 + 4*p - 4. Determine n(5).
-9
Let r(y) = -59*y**2 - 2*y + 2. What is r(1)?
-59
Let n(a) = -26*a + 1. Determine n(-2).
53
Let m(l) = -l**2 + 16*l - 10. Calculate m(15).
5
Let p(l) = l**3 + 18*l**2 + 18*l + 13. Calculate p(-17).
-4
Let x(m) = -m**3 - 10*m**2 - 27*m - 3. What is x(-5)?
7
Let n(q) = q - 23. Determine n(-3).
-26
Let k(b) = -4*b**2 + 7*b - 16. Give k(2).
-18
Let y(i) = 2*i**3 - 15*i**2 - 10*i + 4. What is y(8)?
-12
Let x(m) = -m**3 + 11*m**2 + 11*m + 9. Determine x(12).
-3
Let t(r) = -2*r**3 - 10*r**2 - 8*r - 6. Calculate t(-4).
-6
Let j(p) = 6*p - 5. Give j(-3).
-23
Let q(a) = a**2 + 3*a - 5. Determine q(-5).
5
Let y(u) = u**3 - 13*u**2 + 2*u + 8. Determine y(13).
34
Let y(d) = -39*d + 2. Calculate y(2).
-76
Let x(k) = k**3 - 9*k**2 - 6*k + 13. Give x(9).
-41
Let j(t) = 2*t**3 - t**2 + 3. What is j(-3)?
-60
Let p(m) = -4*m**2 - m - 2. Determine p(2).
-20
Let o(v) = v + 25. Determine o(-5).
20
Let z(o) = -11*o + 20. Calculate z(2).
-2
Let r(k) = -k**2 - 17*k + 14. Determine r(-18).
-4
Let a(r) = 3*r**2 - 20*r + 25. Give a(6).
13
Let w(v) = -19*v - 3. What is w(2)?
-41
Let t(m) = 2*m**3 - 21*m**2 + 11*m - 6. What is t(10)?
4
Let r(m) = -m + 5. What is r(16)?
-11
Let u(c) = 3*c + 73. What is u(-24)?
1
Let p(k) = k**3 - 3*k**2 - 6*k - 6. What is p(6)?
66
Let f(d) = -d**2 + 17*d - 19. Give f(15).
11
Let k(a) = -2*a**2 - 2*a - 8. What is k(0)?
-8
Let n(l) = l**2 - 3. What is n(2)?
1
Let k(f) = f**2 - 3*f - 3. Calculate k(-1).
1
Let u(v) = v**3 + v**2 - 2*v + 75. What is u(0)?
75
Let t(p) = 9*p + 19. What is t(-6)?
-35
Let l(t) = 21*t + 51. Determine l(-5).
-54
Let z(h) = -10*h**2 - 6*h - 5. Give z(-1).
-9
Let x(n) = -2*n**2 - 43*n - 184. Calculate x(-6).
2
Let m(j) = -2*j**3 - j**2. Give m(2).
-20
Let x(a) = -a**3 - 31*a**2 - 85*a - 785. Determine x(-29).
-2
Let w(c) = c**2 - 3*c - 5. Give w(-2).
5
Let i(k) = -k**3 - 2*k**2 + k + 1. Determine i(2).
-13
Let r(o) = 3*o**2 - 3*o - 5. Determine r(5).
55
Let u(a) = -2*a + 16. Calculate u(8).
0
Let b(l) = 3*l**2 - 18*l - 1. What is b(6)?
-1
Let y(n) = -n - 1. Give y(-10).
9
Let k(p) = -3*p**2 - 13*p - 20. Determine k(-4).
-16
Let l(y) = -38*y + 366. Give l(10).
-14
Let y(d) = -d**2 - 8*d - 12. Calculate y(-6).
0
Let u(j) = 34*j + 17. Determine u(4).
153
Let o(i) = 2*i - 1. Calculate o(-5).
-11
Let t(i) = -i**2 + 4*i + 21. Give t(9).
-24
Let m(g) = 27*g - 1. What is m(-1)?
-28
Let s(a) = -a**3 + 8*a**2 + 9*a - 5. Calculate s(9).
-5
Let f(t) = 10*t - 128. What is f(13)?
2
Let f(m) = -21*m - 169. Give f(-8).
-1
Let j(t) = 3*t + 6. Determine j(-13).
-33
Let u(c) = -c**2 + 14*c - 31. Give u(10).
9
Let l(s) = -10*s**2 - 4*s - 2. Determine l(3).
-104
Let d(w) = -w**3 - 7*w**2 + 8*w + 3. Determine d(-8).
3
Let o(r) = r**2 - 11*r - 37. Determine o(12).
-25
Let r(f) = -f**3 - 12*f**2 + 41*f + 8. Calculate r(3).
-4
Let g(h) = -h**2 + 9*h - 16. Calculate g(7).
-2
Let a(i) = -2*i + 11. What is a(9)?
-7
Let n(c) = -3*c**2 + 4*c - 3. Determine n(2).
-7
Let w(c) = 2*c**2 - 76*c + 149. Give w(36).
5
Let u(v) = v**3 + 51*v**2 - 164*v - 103. What is u(-54)?
5
Let c(h) = -h + 3. Give c(-12).
15
Let j(y) = -y**3 - 22*y**2 - 28*y - 13. Determine j(-21).
134
Let i(t) = t**3 + 8*t**2 - 8*t + 5. Determine i(-9).
-4
Let r(j) = -3*j**2 + 91*j - 30. Determine r(30).
0
Let s(p) = p**3 - 3*p**2 - 13*p + 5. Give s(5).
-10
Let m(z) = 4*z**2 + 4*z + 2. Determine m(-3).
26
Let v(h) = -45*h + 759. Determine v(17).
-6
Let t(p) = 2*p**3 + 10*p**2 - p - 10. Calculate t(-5).
-5
Let m(w) = w**3 - 6*w**2 - 7*w - 3. Give m(7).
-3
Let j(h) = -h**3 - 10*h**2 + 15*h + 60. Calculate j(-11).
16
Let n(m) = -2*m**3 - 15*m**2 + 6*m + 20. Calculate n(-8).
36
Let m(x) = -x**3 + 6*x**2 + 6*x + 10. Calculate m(7).
3
Let h(d) = -d**2 - 6*d + 14. Determine h(-7).
7
Let p(s) = -7*s**2 + 5*s + 1. Determine p(3).
-47
Let a(t) = t**2 + 7*t - 22. Calculate a(-8).
-14
Let r(g) = -g**2 - 7*g - 16. Give r(-7).
-16
Let j(m) = 60*m**2 + 4*m - 4. Give j(1).
60
Let f(x) = -x - 22. What is f(-9)?
-13
Let j(q) = -q**3 - 2*q + 2. Determine j(0).
2
Let c(j) = 3*j**2 - 2. Give c(2).
10
Let g(i) = -i**2 + i. What is g(-2)?
-6
Let d(w) = -2*w. Determine d(5).
-10
Let x(v) = -3*v + 4. Determine x(2).
-2
Let t(g) = -8*g**2 + 59*g + 40. Calculate t(8).
0
Let v(c) = -12*c - 10. What is v(-2)?
14
Let f(o) = -o**2 - 12*o - 6. Give f(-5).
29
Let s(j) = -j**2 + 35*j - 73. Calculate s(33).
-7
Let g(x) = 24*x**2 - x + 2. Calculate g(-1).
27
Let a(r) = r**3 - 4*r**2 - 6*r - 3. Give a(5).
-8
Let z(r) = -r + 1. What is z(3)?
-2
Let a(z) = 6*z - 17. Determine a(3).
1
Let r(t) = t**2 + 7*t + 8. Determine r(-3).
-4
Let p(s) = s**3 - 3*s**2 + 6*s - 5. What is p(3)?
13
Let n(h) = 2*h + 17. What is n(13)?
43
Let k(y) = 8*y**2 + 1. Give k(-1).
9
Let l(t) = -8*t - 27. What is l(-5)?
13
Let v(a) = 21*a - 560. What is v(27)?
7
Let x(r) = -14*r - 10. What is x(-5)?
60
Let w(c) = -c - 17. What is w(-5)?
-12
Let z(s) = 2*s**3 - 7*s**2 + 3*s - 20. Calculate z(4).
8
Let s(t) = -t**3 - 6*t**2 + 5*t - 8. What is s(-7)?
6
Let t(x) = -6*x**2 - x + 1. Determine t(3).
-56
Let o(y) = -23*y**3 - 1. Determine o(-1).
22
Let y(n) = 2*n**3 - n**2 + 10*n - 7. Give y(2).
25
Let d(k) = -k + 3. Determine d(2).
1
Let j(t) = -t**3 + 9*t**2 - 11*t - 1. Calculate j(8).
-25
Let i(g) = 15*g + 281. What is i(-19)?
-4
Let r(h) = h**2 - 7*h + 5. Give r(4).
-7
Let i(k) = -k**2 + 9*k - 6. What is i(8)?
2
Let l(i) = i**3 - 14. Give l(0).
-14
Let k(y) = y**2 - 4*y - 34. Give k(9).
11
Let k(q) = 11*q**2 - 141*q - 28. Give k(13).
-2
Let o(t) = -t**3 - 17*t**2 - 7*t - 126. Calculate o(-17).
-7
Let f(h) = -3*h - 15. What is f(-10)?
15
Let q(i) = -2*i**2 - 22*i + 165. Give q(-16).
5
Let v(u) = 2*u**2 - 35*u + 5. What is v(14)?
-93
Let t(b) = b**2 + 5*b + 2. Determine t(-5).
2
Let y(i) = i - 20. What is y(13)?
-7
Let s(i) = 26*i - 113. Give s(4).
-9
Let o(f) = -f**3 + 5*f - 9. Calculate o(2).
-7
Let w(o) = -2*o**3 - 11*o**2 + 25. Determine w(-5).
0
Let b(z) = -z**2 - 5*z + 2. What is b(-7)?
-12
Let w(v) = -v**3 - 12*v**2 - 11*v - 4. What is w(-11)?
-4
Let n(v) = -v**3 - 23*v**2 - 42*v - 37. What is n(-21)?
-37
Let j(q) = -q**3 - 6*q**2 + 12*q - 10. Determine j(-8).
22
Let r(t) = t**3 + 11*t**2 + 7. Give r(-11).
7
Let x(m) = m**3 + 12*m**2 + 16*m + 7. What is x(-11)?
-48
Let w(o) = 3*o + 12. Calculate w(-7).
-9
Let h(d) = d**3 - 37*d - 3. Calculate h(6).
-9
Let o(c) = c + 7. Cal